*t + 7. Let c = -1836 - -1836. What is b(c)?
7
Let k(h) = 108*h**2 - 91. Let s(v) = 37*v**2 - 32. Let t(j) = 6*k(j) - 17*s(j). What is t(-1)?
17
Let h(c) = 4*c + 4. Let b(t) be the first derivative of -t**3/3 - 3*t**2/2 - 20*t - 18. Let r be b(-7). Let p = r + 44. Determine h(p).
-12
Let p(i) = 7*i**2 - i + 0*i**2 - 8*i**2. What is p(5)?
-30
Let l(a) = 458*a + 448*a + 452*a - 2 - 1381*a. What is l(1)?
-25
Let w(n) be the third derivative of -n**5/10 + 23*n**4/12 + 7*n**3/6 + 2287*n**2. Calculate w(8).
-9
Let g(v) = -17*v + 3. Let t be 36*6/24 + (-4)/1. Let u(l) = -15*l + 2. Let j(r) = t*g(r) - 6*u(r). Give j(-2).
-7
Let m(r) = -r - 4*r**2 + 3*r**2 + 0*r + 4*r. Let j(o) = o**3 - o**2 - 19*o + 11. Let a(v) = v**2 + v. Let q(k) = 6*a(k) + j(k). Let d be q(-7). What is m(d)?
-4
Let w(m) = -2*m**2 + 18*m - 1. Let i be (-336)/(-28) - (-2 - -5). What is w(i)?
-1
Let c(d) be the first derivative of -5*d**2/2 - d - 2512. Calculate c(-3).
14
Let j(c) = c**3 + 6*c**2 - 9*c - 1. Suppose -113*w = -111*w - 14. Let v = w - 14. Give j(v).
13
Let u(k) = -106*k + 1 + 53*k + 54*k - k**2. Let o(f) = -f**3 - 15*f**2 + 5*f - 1. Let q(n) = o(n) - 6*u(n). Determine q(-9).
2
Let r(y) = 8 - 677 - 345435*y + 345502*y. Calculate r(10).
1
Let a(o) be the third derivative of -17*o**4/24 + 85*o**3/6 + 57*o**2 + 7. Give a(5).
0
Let h(p) = p**3 - 28*p**2 + 51*p + 20. Suppose 68*x = 63*x + 5*n + 95, -4*x - 5*n + 139 = 0. Determine h(x).
-6
Let m(a) be the first derivative of -1/2*a**2 - 23 - 1/3*a**3 + 17*a. Determine m(0).
17
Let n(a) be the second derivative of a**6/360 - a**5/60 + a**4/24 + a**3/6 - 129*a**2/2 + 2*a - 146. Let w(m) be the second derivative of n(m). Calculate w(1).
0
Let c(n) be the second derivative of n**3/6 + 27*n**2/2 - 522*n. What is c(-15)?
12
Let v(a) be the third derivative of a**7/140 + a**5/120 - 18*a**3 - a**2 + 48. Let u(r) be the first derivative of v(r). What is u(1)?
7
Let d(m) be the third derivative of -m**6/120 + m**5/60 + m**4/24 + m**3/2 + 228*m**2 + 2*m + 2. Suppose -5*l + 5 = -3*k, 6*k - 3*k - l = -1. What is d(k)?
3
Let l(a) = -1898*a + 5700. Let d be l(3). Let s(u) be the third derivative of 36*u**2 - 1/120*u**d + 0 + 0*u + 2/15*u**5 + 7/6*u**3 - 3/8*u**4. Determine s(7).
-7
Let y(m) = 8 - m - 11*m + 13*m. Let b be ((-4)/(-3))/((-1)/(-12)). Let z be -4*6*4/b. Determine y(z).
2
Let i(u) = -8*u**2 - 2*u + 1. Let m(h) = -4*h + 12. Let x be m(2). Suppose -2*g + 18 + 0 = x*n, g - n = 0. Suppose -g*o = -2*o - 1. Determine i(o).
-9
Let a(p) = -4*p**3 - p**2 - 4*p + 3. Let l(c) = 3*c**3 + c**2 + 3*c - 3. Let r(n) = -2*a(n) - 3*l(n). Suppose 11*d - 26*d = 9*d + 13*d. Give r(d).
3
Suppose 20 - 6 = -14*u. Let i be 2 + (-6 - u) + 8. Let k(g) = 0 - 6 - 9*g + 10*g. Give k(i).
-1
Let g(b) be the first derivative of -b**4/12 + b**3/6 + 2*b**2 - 4*b + 2. Let o(n) be the first derivative of g(n). Suppose 117 = -18*y + 171. Calculate o(y).
-2
Let q(m) be the third derivative of -4*m - 1/60*m**5 + 0 - 1/4*m**4 + 6*m**2 + 1/2*m**3. Determine q(-3).
12
Let y(r) = r**3 + 35*r**2 + 2*r - 1090. Let l be y(-34). Let i(b) = -5*b**2 + 2*b + 3. Give i(l).
-21
Let c(s) = s**3 + 9*s**2 - 11*s - 1. Let i be (-4 - -1)*2/(-6). Let d be 246/(-41) + i*-4. What is c(d)?
9
Suppose 0 = -5*y + 18*y - 247. Let j(c) = y + c**2 + 9*c - 7*c - 17. What is j(5)?
37
Let k = 5 + -11. Let y(r) = -1. Suppose -10*m + 29*m = -114. Let i(s) = -s + 1. Let j(g) = m*y(g) + i(g). Give j(k).
13
Let i(u) = 3*u**2 - 17*u - 2. Let k(s) = -4*s**2 + 17*s + 2. Let b(f) = 6*i(f) + 5*k(f). What is b(-8)?
6
Let n(g) be the first derivative of 0*g + 4*g**2 - 1/24*g**4 - 18 + 3/2*g**3. Let w(y) be the second derivative of n(y). What is w(4)?
5
Let z be (-2)/(3 + 1/((-1)/4)). Let d(q) = 6*q - z + 6*q - 7*q - 4*q - 4. Determine d(-7).
-13
Let v = -1987 + 1980. Let f(z) = -6*z + 10. Determine f(v).
52
Suppose 16*s = s - 12*s + 351. Let v(f) = f**3 - 14*f**2 + 18*f - 67. Determine v(s).
-2
Let b(w) be the first derivative of -7*w**3/3 - 7*w**2/2 - 6*w - 2680. Calculate b(-4).
-90
Let r(g) = 3*g**2 - 11*g + 19. Let j(s) = -s**2 + 4*s - 6. Let q(p) = -7*j(p) - 2*r(p). Suppose -578*o + 575*o + 6 = 0. Determine q(o).
-4
Let m(u) be the first derivative of 11*u**2/2 + 307*u - 1484. What is m(-28)?
-1
Let f(n) = -n**3 + 74*n**2 - 8*n + 606. Let r be f(74). Let t(g) = g**2 - 15*g + 21. Determine t(r).
7
Let w(b) be the third derivative of -b**6/120 + b**5/60 + b**4/8 + 5*b**3/3 - 5057*b**2. Determine w(0).
10
Suppose -148*y = -69*y + 2607. Let g(c) = 3*c**2 + 101*c + 57. Determine g(y).
-9
Let a(u) = -4*u**2 - 2*u + 5. Let y(d) = 7*d**2 + 4*d - 9. Let h = 13 - 10. Suppose 0 = h*r + 11 - 26. Let c(x) = r*a(x) + 3*y(x). What is c(-3)?
1
Let r be (-1632)/(-255)*20/8. Let v(o) = -2*o + 40. Calculate v(r).
8
Let r(g) = 5*g**2 - 7*g - 18. Let h(a) = 2*a**2 - 4*a - 8. Let l(x) = -7*h(x) + 3*r(x). Let k(w) = -w - 18. Let y be k(-13). Give l(y).
-8
Let i(b) = -2196 + 1169 + 11*b + 1028. Calculate i(1).
12
Let b(f) = 222*f + 111. Let w(i) be the third derivative of -11*i**4/8 - 8*i**3/3 + 41*i**2 + 3*i. Let x(z) = -4*b(z) - 27*w(z). What is x(9)?
15
Let z(l) = 2*l**2 - 25*l - 21. Suppose 63 - 4249 = -322*p. Calculate z(p).
-8
Let y(x) = x**3 - 4*x**2 + 3*x - 1. Let p be ((-322)/(-21))/(2/6). Suppose p = q + 40. Suppose -5*r - 4*g + 31 = 0, -2*r - 2*g + 5*g = q. Determine y(r).
-1
Let d(t) be the second derivative of -t**5/20 - t**4/3 + 4*t**3/3 - 3*t**2/2 - 12*t. Let g = 77 + -72. Let c(v) = 7*v - 41. Let q be c(g). What is d(q)?
21
Let w(b) = b**2 + 10*b + 10. Suppose -19*m = -1093 + 200. Suppose 0 = 12*a + 37 + m. What is w(a)?
-11
Let j(u) = 2*u + 15. Let d be j(-7). Let w(a) = 0 + a + d - 8 + 6. Calculate w(-5).
-6
Let j(o) = 7*o + 3. Let f(k) = 141*k + 75. Let z(m) = 4*f(m) - 81*j(m). Determine z(24).
-15
Let x(q) = 4 + 7*q**2 - 8*q**2 - 36*q + 44*q. Determine x(0).
4
Let g(w) = 43*w + 6. Let z(k) = -2923*k - 407. Let p(t) = 407*g(t) + 6*z(t). Let u = -3387 + 3386. Give p(u).
37
Suppose -5*j + 0*j = -t + 37, -4*t - 20 = 4*j. Let r(i) = -10*i**2 - 26*i + 55. Let o(p) = 7*p**2 + 17*p - 37. Let d(s) = j*o(s) - 5*r(s). Give d(-12).
-4
Let x(y) be the second derivative of -11*y**3/6 + y**2 - 2*y - 1891. What is x(2)?
-20
Suppose -o - 5*y = -16, y + 3*y = 5*o + 65. Let p(f) = -f**2 - 13*f - 5. Determine p(o).
31
Let g(l) = -3*l - 1127*l**2 + 1 + 623*l**2 + 572*l**2. What is g(1)?
66
Let d(k) = -k**2 - 5*k + 10. Let b be d(-7). Suppose m - 8*z - 521 = -4*z, -3*z = -9. Let o(w) = -m*w - 528*w + 1064*w + 6 + 2*w**2. Determine o(b).
26
Suppose -1049 + 399 = -10*w. Let d = 61 - w. Let t be (-16)/8*2/d*-7. Let n(o) = o**2 + 10*o + 2. What is n(t)?
-19
Let o(t) be the second derivative of 11*t**5/20 - 5*t**4/12 + t**3/2 + 3*t**2/2 + 1027*t. Determine o(2).
77
Let w(n) be the second derivative of -n**4/24 + 8*n**3/3 - 7*n**2/2 - 282*n. Let m(l) be the first derivative of w(l). Calculate m(11).
5
Let o(r) = -23*r**3 + 26*r**2 - 13*r - 47. Let a(c) = -17*c**3 + 26*c**2 - 17*c - 47. Let w(v) = 4*a(v) - 3*o(v). Give w(-27).
7
Let w(s) = -3*s + s + 2 - 5. Let d = 1114 + 16. Let c = 1128 - d. Give w(c).
1
Let w = 446 - -296. Let x(o) = 0*o - w + 730 + o. Give x(10).
-2
Let a be (-3)/(-7) + 100/175. Let j(s) = -3*s + 4. Let v be j(a). Let h(g) = -3*g**3 + g**2 - 1. Determine h(v).
-3
Let y(k) = -k - 4. Let j(g) = -3*g - 9. Let z(l) = -l**2 - 27*l + 331. Let c be z(9). Let a(h) = c*y(h) - 3*j(h). Calculate a(-4).
-9
Let j(s) be the second derivative of -s**6/144 + s**5/120 - 67*s**4/12 + 68*s. Let v(a) be the third derivative of j(a). Give v(6).
-29
Suppose -5*x = -20 + 40. Let t be (1*(6 + x))/(1/(-2)). Let w(o) = o - 1. Determine w(t).
-5
Let j(r) = 71*r - 70. Let i be j(19). Let v(p) = -2*p - 1277 + i - 4*p**2 - p**3 + 3*p. Calculate v(-2).
-8
Let g(d) = d**3 + 4*d**2 - 4*d + 3. Suppose 4*t = -2*f + 384, 6*f = 4*f + 5*t + 366. Let k = f - 193. Calculate g(k).
-2
Let g(v) = -2*v - v - 12 + 2*v + v**2 - v**3. Let i(k) = 419*k + 7123. Let j be i(-17). Give g(j).
-12
Suppose -69*g - 9 = -68*g. Let x(r) = -r**3 - 8*r**2 + 7*r - 10. Let l be x(g). Let i(y) = -y + 16. What is i(l)?
8
Let k(i) be the second derivative of -i**5/10 + 5*i**4/4 - 5*i**3/3 + 21*i**2/2 - 113*i - 14. Calculate k(7).
0
Let a be 110/(-14) - (-60)/70. Let h(l) = l**